29990. Is y a composite number?
False
Let i(w) = 2472*w + 3697. Is i(16) composite?
True
Let m(c) = -c**3 + 10*c**2 + 10*c + 11. Suppose 2*x - 5*x + 33 = 0. Let h be m(x). Suppose 5*v = -h*v + 295. Is v a prime number?
True
Let a = -428 + 586. Suppose 162*m - 102404 = a*m. Is m prime?
True
Suppose -5*b + 6 + 19 = 0. Suppose b*j = -3*o + 11245, 2256 = j + 2*o - 0*o. Suppose 977 = 3*x - i - 2392, 2*x + i = j. Is x composite?
False
Let p be (-2 + 24)*(3/(-3) - 1). Let z be 7/(105/9) + p/(-10). Suppose -2*f + 0*f + 889 = -z*q, -2*f + 890 = -4*q. Is f a prime number?
False
Let k(d) be the first derivative of d**3 - 12*d - 18. Let f be k(3). Is (-3 + 0)/(f/(-20)) + 445 a composite number?
False
Let s be (-5 - 2) + 7 - (-33337)/1. Suppose 22253 = 30*v - s. Is v a prime number?
False
Let j = 555 + -51. Let y = 727 - j. Is y a prime number?
True
Let q(x) = 18*x**2 - 3*x - 4. Let d be q(-1). Suppose 322426 - 944439 = -d*s. Is s composite?
True
Let a = -23 + 25. Let h(c) = 3672*c - 34. Let d be h(-23). Is (-1 - (-1)/a) + d/(-28) prime?
False
Let x(n) = -n**2 - 16*n - 32. Let d be x(-14). Let z be 6/d*(-200)/60. Suppose s - 6*k = -k + 6, z*k = -4*s + 149. Is s a composite number?
False
Suppose 46*x - 24*x - 201454 = 0. Is x a prime number?
True
Let q(a) = 7208*a + 13299. Is q(43) composite?
False
Suppose 0 = -5*d + 2*u + 17, 5 = -3*d + 2*u + 3*u. Suppose -17 + d = -3*o, 2*t + 3*o = -1212. Let j = t + 1193. Is j composite?
True
Let z = -506 + 508. Suppose 4*w - 7882 = z*g, w - 3*g - 1978 = -0*g. Is w prime?
False
Let u(k) = -12*k - 57. Let f be u(-5). Suppose s + 3*x - 6619 = x, -13238 = -2*s + f*x. Is s composite?
False
Is (4980132/(-48))/(6 - 123/20) composite?
True
Let z = -10792 - -22984. Suppose z = 11*x - 20885. Is x a prime number?
False
Suppose -h + 270260 = 5*p, -639*p + 636*p + 162164 = -h. Is p composite?
True
Let g(x) = -x - 2983. Let t be g(0). Suppose -u - 13809 = -3*w, 0 = 3*w - w - 4*u - 9196. Let q = w + t. Is q prime?
True
Suppose -62*l + 3283793 + 1014605 = 0. Is l prime?
False
Is (-525054)/(-8)*20*(-9)/(-135) a prime number?
True
Is ((-129096)/(-1188))/(4/26382) prime?
False
Let n(h) = -2*h**3 + 10*h**2 + 2*h + 2. Let t be n(5). Let f(q) = 690*q + 22. Let y be f(t). Is 2/(-6) - y/(-21) composite?
True
Let t = -194795 + 347512. Is t prime?
True
Let m(n) = -6*n**3 + 2*n**2 + n - 1. Let p be m(-1). Suppose 16*r - 14*r - p = 0. Is (-1*(-4)/r)/((-2)/(-2901)) a prime number?
False
Let g = 202945 - -128268. Is g composite?
False
Let y = 205343 + -141442. Is y a composite number?
False
Is 5 - (-5)/(10/(-464004))*126/(-27) composite?
False
Let x be 31 + (-4 + 5)*-5. Let s(y) = -x*y - 11 + 62*y + 21*y**2 - 24*y. Is s(-6) a prime number?
True
Let n(c) = 3*c**3 - 10*c**2 - 2*c - 2. Let k be n(10). Suppose 3*d - 2*f = 3256, 0 = -2*d - 2*f + k + 176. Is d a prime number?
False
Let i be 2/18 - (-2740)/45. Suppose -238062 = i*b - 94*b. Is b a composite number?
True
Let l = 21 - 18. Suppose 0 = -3*w - l*w + 24. Suppose 0 = 3*d + w*d - 3157. Is d composite?
True
Let m(z) = 2*z**3 - 80*z**2 - 72*z + 1775. Is m(47) prime?
False
Suppose h = 3*f + 3872, -3*f - 2*f - 3862 = -h. Let j = 4097 + -1465. Let t = h - j. Is t a composite number?
True
Suppose 5956 + 196139 = 27*p. Suppose -5*f + l - 3 = 0, 7*f - 4*l + 12 = 2*f. Suppose f = -2*o + 5*o - p. Is o a prime number?
False
Suppose -i = -w - 88723, -4*w - 443613 = 3766*i - 3771*i. Is i a composite number?
False
Let m(o) = 35*o**2 - 9*o - 9. Let z be (-10)/(-25) - (-96)/(-40). Is m(z) prime?
True
Suppose 16*u - 201732 = 12*u - 8*u. Is u prime?
True
Suppose -2*s - s = -5*b + 13, 4*s + 4*b = -28. Let y(n) = -310*n + 133. Is y(s) a prime number?
True
Let q = 67 + -78. Let s = q - -22. Suppose 15519 = -8*v + s*v. Is v a composite number?
True
Let f(s) = -711*s**3 - 2*s**2 - 39. Is f(-4) a prime number?
True
Is (723368 + -8)/8 + 5/5 a composite number?
True
Let j(x) = 7*x**3 - 21*x**2 - 10*x - 3. Let k(c) = -13*c**3 + 42*c**2 + 21*c + 5. Let r(a) = 5*j(a) + 2*k(a). Is r(9) a prime number?
True
Suppose 1220 = 11*h - 10*h. Suppose 6*o - o - h = 0. Suppose -z + 4*z = k + o, k - 166 = -2*z. Is z prime?
False
Let x(a) = -16069*a + 5134. Is x(-23) a composite number?
True
Suppose z = -2*z + 3*b - 36, 5*z = -b - 36. Is (-24 - -28)*(-4306)/z prime?
True
Let o(t) = 20*t**2 + 3*t + 7. Let z(i) = i + 1. Let d(a) = -o(a) - 2*z(a). Let f be d(6). Let j = -424 - f. Is j a composite number?
True
Suppose -41*r + 35 = -36*r. Suppose 4 = -r*b + 18. Suppose b*j - 186 = 476. Is j composite?
False
Suppose 0*z - 12 = 4*z. Let x(h) = 48*h**3 + h**2 - 2*h + 2. Let u be x(z). Is 3 - 0 - ((u - 2) + 2) composite?
True
Let r(b) be the third derivative of -1517*b**4/12 + 2*b**3 + 19*b**2. Is r(-1) a prime number?
False
Let q(u) = -3*u - 38. Let h be q(-18). Suppose h*a + 85 = 17*a + 5*n, -n + 378 = 4*a. Is a a prime number?
False
Suppose -h = 2*y + 1, -2*h - 8 = y - 0*y. Suppose 2*x = -5*j + 15204, y*x - 7*x - 5*j + 38025 = 0. Is x a prime number?
True
Suppose 0 = 3*w + 2*s - 170957, -3*s + 22 = 10. Is w a composite number?
False
Suppose 3*r - r = 5*r. Suppose -d + 6*d - 3545 = r. Suppose -3*y + 2093 = -5*t, -y - 4*t = -0*y - d. Is y composite?
False
Let c = 121308 - -1650083. Is c a prime number?
False
Suppose -2*x - 4 = 10. Let k(m) be the second derivative of -163*m**3/6 + 5*m**2 + 9*m. Is k(x) a prime number?
True
Let d be (26/4 + -1)/(17/(-34)). Let l be (-14)/(d/(-6) - 2). Let m = l + 179. Is m composite?
False
Let h = 282573 + -118820. Is h composite?
False
Let n = 106206 + -28615. Is n a prime number?
True
Let a(o) = 76*o**2 + 5 + 9*o - 75*o**2 - 18. Let h be a(-10). Let g(i) = -41*i**3 + 4*i**2 + 6*i - 2. Is g(h) composite?
False
Suppose 117 = 8*t - 235. Let h = -39 + t. Suppose 0 = -4*v + s + 1413, 2*v = -3*v - h*s + 1760. Is v prime?
True
Let t(f) = 20713*f - 1525. Is t(12) a composite number?
False
Suppose 5*i = 3*q - 4, q + 3*q + 23 = i. Let a(p) = 6*p**2 + 19*p. Let t be a(q). Let m = t + -27. Is m a prime number?
False
Suppose 31 = 2*y + d, 5*y + 15 = 5*d + 55. Let x be (156/(-65))/(3/(-6310)). Suppose 5*q = y*q - x. Is q prime?
True
Let k be (-18)/(-14) - ((-195)/(-21) - 9). Is -1 + (-9)/(-3) - k*-11649 prime?
False
Let t(q) = q**2 + 35*q + 68. Let h be t(-26). Let r = h + 374. Let x = r - -195. Is x a prime number?
False
Suppose 10*p = 322805 + 8762 + 644923. Is p composite?
False
Let d be 2 - (-3 - -2)*(-5 + 5). Suppose -2*q + 4*h + 12 = -0*h, -2*h = q - d. Is q/(-30) - 199941/(-45) a prime number?
False
Suppose -4*w - 24*w = 3*w - 12580327. Is w prime?
True
Let x(y) = -1367*y - 973. Is x(-46) prime?
True
Suppose 8*w = -3*w + 20*w. Is (-2 - 14728/(-7)) + w a composite number?
True
Let l = -371 - -377. Is -3*22004/(-72)*l a prime number?
True
Suppose 3*d + 575007 = 4*f, 4*f + 431252 = 7*f + d. Is f prime?
False
Suppose v + v + 2 = 5*f, -v - 3*f + 10 = 0. Is (v - -8)/4 - -1708 a composite number?
True
Suppose -2*u = y - 4*y + 133, 4*y - 183 = -3*u. Is 2/(-9) + 455995/y a composite number?
False
Is (28 + -20)/((-24)/(-69753)) a prime number?
True
Let c(k) = -k**3 + 2*k**2 + k + 5. Let i be c(0). Let u(r) = 4*r**3 - 8*r**2 + 12*r - 25. Let n be u(i). Let x = 492 - n. Is x composite?
False
Is (147342/(-16))/(2/(-20)) - (-380)/1520 a prime number?
False
Suppose 0 = -2*l + k, -2*l - 4*k + 0*k = 0. Suppose 0 = -2*a + f + 4004, l = -a + 5*a - f - 8010. Is a a prime number?
True
Let b(k) = -1220*k**3 + 17*k**2 + 61*k + 303. Is b(-8) composite?
False
Suppose -3*x + 7440 = 2*x. Let l = -189 - -195. Is x/6 + l/2 prime?
True
Let o = -144 + 84. Let y = -78 - o. Is 10*955/(-20)*y/15 a composite number?
True
Let n(k) = -700*k**3 + 3*k**2 - 2. Suppose 0 = 97*i - 101*i - 4. Is n(i) a composite number?
False
Is (-35046801)/(-54) - 3*1/(-18) a composite number?
True
Let q = 32 + -30. Let t be 12/(-8) - (-239)/q. Let y = -69 + t. Is y prime?
False
Let x(y) = -y**2 - 67*y - 1010. Let p be x(-44). Let w(l) = -l**2 + 4*l + 3. Let u be w(4). Suppose 3*c = -u*i + 567, 2*i - p*c = -c + 384. Is i composite?
False
Let m be 0 - 1 - (2 + 9/(-3)). Suppose m*f - 2520 = -10*f. Suppose 0 = 8*c - 9308 - f. Is c a composite number?
True
Let f(q) = q**2 - 11*q - 12. Let h be f(11). Let l be 100/(-30)*h/10. Suppose n = 4*n - l*m - 5179, 0 = 2*m + 8. Is n a pri